 (1 - 4 - -1) + -2 + 8.
4
What is the value of 2 - -5 - (2 - (-7 + 4))?
2
Calculate (-4 - 1) + (93 - 88).
0
-29 + 40 - (1 - -14)
-4
What is 3 - 0 - 7 - (15 - 25)?
6
What is (7 - 4) + -2 - 2?
-1
What is 1 + -2 - (-8 + 4)?
3
-1 - (0 - (-4 - 0))
-5
-4 + (5 - -3) - (-1 + 6)
-1
Calculate (16 - 10) + -1 - (1 + -2).
6
Evaluate -3 + (4 - 12 - (-6 - 1)).
-4
Calculate 8 + -4 + -3 + (3 - 1).
3
What is the value of 8 + (-2 - 2) + 1?
5
What is the value of -5 - -11 - (-4 + 5)?
5
8 + -6 + (-13 - -5)
-6
Evaluate -1 + -3 + 6 + -8.
-6
Calculate 4 + (3 + 3 - (-2 + 6)).
6
Calculate -3 - (4 - (1 - -1) - 4).
-1
What is -2 + 2 + 3 + (5 - 8)?
0
4 + (-1 - 2 - -1) + -2
0
1 + 4 - ((2 - -15) + -7)
-5
6 - (9 - (3 + 2) - -4)
-2
Evaluate 0 - (8 + (4 - 9)).
-3
Evaluate 1 + -2 + -2 - -3.
0
Evaluate 3 - (1 + 5 + 3).
-6
Calculate (11 - 4 - 6) + -6.
-5
Evaluate -5 + -2 + 5 + 0.
-2
Calculate (0 - (2 + 1)) + 0 + 3.
0
What is (2 - -2) + -1 + -3 - 0?
0
-2 - (42 + -32 - (-1 - -7))
-6
What is 7 + (-1 - 5) + 5?
6
Evaluate -11 + 3 - (-10 - (0 + -3)).
-1
Evaluate 8 + (-85 + 87 - (-1 - -8)).
3
Calculate (15 - 11) + -7 + 2 + -4.
-5
What is (-6 - 3) + 2 - -4?
-3
What is -4 - ((8 - 4) + -9 - -1)?
0
What is (9 - -4) + -16 - (-11 - 1)?
9
Calculate 2 - 4 - -2 - -2.
2
-1 + 6 - (-6 + 9)
2
What is -1 - -1 - (1 - (4 - 6))?
-3
8 + 1 + -4 + -3
2
Calculate (-1 - -5) + 14 + -14.
4
What is 0 - (6 + -2 - 8) - 8?
-4
Evaluate -1 + -3 + 5 + 10 + -5.
6
What is the value of 1 - (1 + -4 + 7)?
-3
(-5 - 2 - -7) + -3
-3
Evaluate (-5 - -2 - 0) + 0.
-3
What is -2 - 1 - ((-1 - -23) + -17)?
-8
Evaluate (-1 + 3 - 1) + 2 + -5.
-2
Calculate -6 + 1 - (-23 + 18).
0
What is 5 - (0 + 8) - (-3 + 2)?
-2
Calculate (3 - (3 - (3 - 3))) + -1.
-1
Evaluate (-19 - -19) + (0 - -2).
2
What is the value of 1 - (7 - ((-1 - -2) + 2))?
-3
15 + 1 + -8 + -9
-1
What is 3 - (-5 + 7) - (2 - 3)?
2
What is -3 + (-4 - -9) + 1?
3
-12 + 3 + (0 - 9) + 12
-6
Evaluate -6 + 6 + -6 + 1 - -9.
4
Calculate 1 + -6 - (-170 + 160).
5
10 + (-4 - 18) - -19
7
What is 2 + 2 + (-9 - -2)?
-3
Evaluate -3 + 3 - (-10 - -5).
5
-16 + 17 + -2 + 0
-1
(0 + -3 - -1) + 6 + -3
1
Calculate 8 + -4 + (-2 - -2) + -6.
-2
What is -1 - (5 - (0 + 6))?
0
Calculate 1 - -1 - (-5 + (4 - 1)).
4
0 - 0 - (-52 + 50) - -4
6
What is the value of 1 + (-9 - 0 - -6) - -2?
0
8 - (14 + (0 - -1))
-7
What is (-12 - -20 - 1) + -15?
-8
What is the value of 4 - ((-2 - (3 + -6)) + 8)?
-5
What is -1 + (11 - -10) + -10?
10
Calculate -3 - (0 + 2) - (14 - 12).
-7
What is 2 + -4 + (4 - (2 + -1))?
1
What is the value of -5 - ((-3 - 2) + (3 - 7))?
4
What is -15 + 17 + -2 + -6?
-6
Calculate -11 + (-10 - -11 - -12).
2
Calculate 6 + 0 + -2 + 0 + -1.
3
What is -1 + 0 + 1 + (-34 - -31)?
-3
Calculate -1 - (2 - ((-4 - -7) + 5)).
5
Evaluate -1 + 16 - (12 + -8 - -3).
8
Evaluate -13 + 6 + 4 + -1.
-4
What is 1 + 0 - (-5 + 5 + -3)?
4
What is (-8 - -3) + 4 - -3?
2
What is -13 + (-1 - (-5 + -2)) - -6?
-1
-2 - (-7 - -9 - 1)
-3
Calculate -5 + (0 - (1 + -5)).
-1
What is the value of (-1 - -4) + -7 - -1?
-3
What is the value of -9 + 5 - (-14 - -5)?
5
2 - 6 - (-37 + 36)
-3
(-5 - -4 - -4) + -3
0
What is 40 - 34 - (3 + (-1 - -2))?
2
-2 - (6 + -14) - 0
6
What is the value of -1 + (8 - 12 - -4)?
-1
Calculate 5 + -6 + -4 - 0.
-5
What is the value of 6 + -2 + -1 + -2?
1
What is the value of -1 + (0 - 4) + 2 + 1?
-2
Evaluate 1 + -6 + 12 - 4.
3
Evaluate 0 - ((-5 - -3) + -1).
3
(-4 + 3 - 0) + 5
4
What is -1 - (-1 - (-7 + 4))?
-3
What is 3 + -20 - (0 + 5 + -13)?
-9
1 + (1 - 2 - (14 - 14))
0
Calculate -33 + 26 - (-1 - 15).
9
What is -3 - -3 - -3 - (2 + 1)?
0
What is the value of 0 + 2 + 1 - 1?
2
What is the value of 5 - (0 + (4 - -3))?
-2
What is the value of -1 + (0 - -5) + 0 + -1?
3
What is the value of -6 - (-9 + (3 + -3 - -3))?
0
What is the value of -11 + 0 + 5 + -35 + 34?
-7
Evaluate -14 - -13 - -1 - (-1 - 7).
8
Evaluate 1 + 4 + -3 + 1 + -5.
-2
What is the value of -6 - 1 - (-22 + 15)?
0
What is the value of -4 - (-2 + -3 + -3 + 8)?
-4
Evaluate 3 + 3 + -2 + 2 + -2.
4
What is the value of -1 - (-1 + -2) - (-23 - -21)?
4
-6 + 1 - (1 + -3)
-3
What is the value of (-1 - 10) + 3 + 12 + -13?
-9
Calculate 1 + 0 - (1 + 0 + 4).
-4
What is -3 + 1 + 0 - -5?
3
Calculate -11 - -2 - (44 - 53).
0
What is the value of 8 - -8 - 2 - 9?
5
What is the value of (-2 - (2 - -1)) + 17 + -12?
0
What is -3 + 5 + 6 + -12 + 10?
6
-1 - -5 - (-3 + (4 - 0))
3
Evaluate 23 + -7 - (11 - 3).
8
-5 - (-5 + 1 + 10 + -6)
-5
What is -12 + (5 - (-3 + 1))?
-5
What is the value of (-16 - -12 - -1) + -1?
-4
10 + (-6 - (7 - 9))
6
What is the value of -8 + -1 + -1 + (5 - 2)?
-7
What is 1 - (-1 - (2 - 0) - -1)?
3
-3 - ((8 - -3) + -8) - -5
-1
What is the value of -6 + -5 + 2 + 5 - -1?
-3
What is the value of (-1 - 2) + -8 + 7?
-4
What is the value of -9 + (6 - 3) + 1?
-5
What is (-1 - 1) + (1 - (8 - 6))?
-3
What is the value of -1 + (-4 - -4) - (2 + -6)?
3
What is the value of 1 + -1 + 5 - (1 + 9)?
-5
What is the value of -3 + 3 + 35 + -30?
5
What is the value of -7 + 12 + -18 + 7?
-6
Evaluate -113 - -113 - (4 + 1).
-5
-13 + (14 + -9 - -10)
2
Calculate (-18 - -5 - -26) + -16.
-3
4 - ((-4 - -9) + -3)
2
What is the value of (12 - 0) + (-63 - -57)?
6
What is the value of -3 + 11 - 3 - (-13 + 19)?
-1
What is -3 - (1 - 3 - 8)?
7
Evaluate -60 - -54 - (4 - 1).
-9
Calculate 6 + -1 + -10 - -6.
1
Evaluate (6 + -2 - 10) + (6 - 0).
0
Evaluate 1 - (-6 + (2 - -1)).
4
Calculate 3 + (-4 + -1 - 2).
-4
(7 - (0 - -4 - 2)) + -3
2
Calculate (5 - -2) + 43 + -41.
9
What is 5 + -9 + 5 + 0?
1
Evaluate -4 - (-2 - (0 - 3)).
-5
Evaluate -1 + (-16 + -2 + 10 - -6).
-3
Evaluate 12 + -6 + -7 + 1.
0
1 + -6 + (20 - 14)
1
What is the value of -7 - (-6 - 12 - -6)?
5
What is the value of -22 + 17 - (0 - 3)?
-2
12 + (-2 + 1 - 12)
-1
Evaluate 0 - (2 + 6) - (8 - 13).
-3
Evaluate 7 + -1 - (0 + (-4 - -3)).
7
What is the value of 7 + (-1 - -2) + 0 + -2?
6
What is -9 + -1 + 6 + 4?
0
Calculate -5 + 0 + -1 - (-10 + 13).
-9
What is the value of 9 + 1 - (-72 + 76)?
6
What is (-11 - -10) + 2 + -4 + 2?
-1
Evaluate 2 + 16 + (0 - 12).
6
What is the value of -13 - ((11 - 16) + -10)?
2
What is -1 + 3 + (3 - 4) + 4?
5
What is (5 - -1) + -2 + -2?
2
What is the value of -5 - (9 - (7 - -4))?
-3
2 + (5 - 5) + -2
0
What is the value of 3 - (2 - 2 - 4 - -9)?
-2
-11 + 18 + -1 + -1
5
What is 0 - ((7 - 8) + (1 - 1))?
1
-18 + 14 + (6 - (-2 - -2))
2
What is the value of -1 + (-2 - -6) - (1 - 3)?
5
What is (-177 - -178) + (5 - (-1 - -1))?
6
What is 2 + (0 + -3 - (1 + -1))?
-1
What is -7 + 3 - (-1 + -8 + 0)?
5
-7 - ((-2 - -7 - -1) + -7)
-6
Evaluate -4 - (-3 - -2) - -2.
-1
What is the value of 2 - -1 - 0 - (4 - 0)?
-1
Evaluate 17 + -15 + 0 + 1 + -12.
-9
Calculate 6 + -7 + 4 + -1 + -5.
-3
Calculate -1 - (-1 - (2 + -8 - -3)).
-3
1 + 4 + -1 + (6 - 10)
0
What is the value of 7 - (4 - (-7 + 6))?
2
Evaluate 1 + -1 + 3 + 2 + -7.
-2
Calculate 24 + -21 - (13 - 0).
-10
-2 - (1 + -2) - (-20 - -14)
5
Evaluate 8 + -4 + 0 - (2 + 2).
0
What is 6 + (3 + -5 + 7 - 11)?
0
What is the value of -3 - 8 - (40 + -45)?
-6
Calculate -1 - (-1 + 3 + -5 - -9).
-7
What is (0 - 1 - 0) + 1 - -4?
4
What is -3 + 7 - 1 - (5 + -3)?
1
What is 2 - (-5 - -3 - (-1 - -2))?
5
What is the value of -8 - -17 - (-8 + 26)?
-9
10 - 13 - (0 + 5)
-8
Calculate -645 - -653 - (1 + (-1 - -3)).
5
Evaluate 6 + -2 + -6 - -6.
4
Calculate (-1 - -4) + (0 - 0 - 0).
3
Evaluate -4 - (-3 + -1) - (5 - 2).
-3
Evaluate -1 + -3 + -4 - -6.
-2
-12 - (2 + -10 + 3)
-7
-5 + -5 - (-3 - 4 - -3)
-6
What is the value of (-19 - (6 + -19)) + (2 - 1)?
-5
1 + -9 - (0 + -2)
-6
Evaluate -4 + (4 - -2) + 3 - 5.
0
What is the value of 2 + 2 + (0 + -3 - -3)?
4
(-4 - -11) + -57 + 46
-4
What is 7 - (0 + 7 - -6)?
-6
Calculate -6 + 1 - 0 - (0 - 0).
-5
What is 0 + (-1 - ((0 - 1) + 2))?
-2
-4 + (4 - -1) + (-13 - -12)
0
What is 3 - (-1 - (19 - 13))?
10
Evaluate -1 - (-6 - (2 + -3)).
4
Evaluate (9 - 1) + (-11 - -2).
-1
Calculate -3 - (-5 + 2 + 0 + 1).
-1
-4 - (1 - (5 - 3))
-3
What is the value of -9 + 4 - (-2 + -2 + 1)?
-2
What is -50 - -53 - (1 + 3)?
-1
Evaluate 10 - ((5 - -2) + -3).
6
Evaluate 0 - (-3 + 5 + -4) - 7.
-5
Calculate 35 - 20 - 6 - (6 + 0).
3
What is the value of -21 - -1 - (16 - 26)?
-10
What is 8 - (-8 - -8 - (-2 - 5))?
1
0 + -2 - (-6 + -4 + 7)
1
What is 4 + 0 - (8 + -10 - -10)?
-4
-4 + -1 + -1 - -6
0
What is 11 - (-2 - (